when 1659 is divided by 4.
3
Calculate the remainder when 4402 is divided by 387.
145
Calculate the remainder when 1295719 is divided by 131.
129
What is the remainder when 2679 is divided by 690?
609
What is the remainder when 500 is divided by 84?
80
What is the remainder when 97384 is divided by 12?
4
Calculate the remainder when 738 is divided by 245.
3
What is the remainder when 730077 is divided by 780?
777
What is the remainder when 110042 is divided by 36675?
17
What is the remainder when 6838 is divided by 28?
6
Calculate the remainder when 5406 is divided by 705.
471
Calculate the remainder when 5429 is divided by 1084.
9
What is the remainder when 307098 is divided by 20472?
18
Calculate the remainder when 1696 is divided by 1682.
14
What is the remainder when 6466 is divided by 58?
28
Calculate the remainder when 255154 is divided by 11.
9
What is the remainder when 12900 is divided by 463?
399
Calculate the remainder when 6368 is divided by 1776.
1040
What is the remainder when 6753 is divided by 33?
21
What is the remainder when 1755974 is divided by 398?
396
Calculate the remainder when 20821 is divided by 356.
173
What is the remainder when 1183452 is divided by 17?
14
Calculate the remainder when 108717 is divided by 151.
148
Calculate the remainder when 43111 is divided by 109.
56
Calculate the remainder when 11274 is divided by 11274.
0
What is the remainder when 1900 is divided by 40?
20
Calculate the remainder when 10022 is divided by 28.
26
Calculate the remainder when 62491 is divided by 145.
141
Calculate the remainder when 2643 is divided by 239.
14
What is the remainder when 1154 is divided by 201?
149
What is the remainder when 74187 is divided by 1400?
1387
Calculate the remainder when 11273 is divided by 5602.
69
What is the remainder when 942 is divided by 41?
40
What is the remainder when 12195 is divided by 4055?
30
What is the remainder when 1996 is divided by 988?
20
Calculate the remainder when 870 is divided by 788.
82
What is the remainder when 35556 is divided by 178?
134
What is the remainder when 156076 is divided by 214?
70
Calculate the remainder when 13152 is divided by 2384.
1232
What is the remainder when 210088 is divided by 19?
5
Calculate the remainder when 18524 is divided by 3.
2
Calculate the remainder when 6053 is divided by 1513.
1
What is the remainder when 2352 is divided by 212?
20
Calculate the remainder when 705 is divided by 657.
48
Calculate the remainder when 5195 is divided by 4356.
839
Calculate the remainder when 26578 is divided by 123.
10
What is the remainder when 2327 is divided by 48?
23
Calculate the remainder when 2291 is divided by 2170.
121
Calculate the remainder when 6895 is divided by 53.
5
Calculate the remainder when 16513 is divided by 694.
551
What is the remainder when 1034 is divided by 992?
42
Calculate the remainder when 16707 is divided by 50.
7
What is the remainder when 8699 is divided by 562?
269
Calculate the remainder when 1756 is divided by 824.
108
What is the remainder when 24999 is divided by 8?
7
Calculate the remainder when 122035 is divided by 17433.
4
Calculate the remainder when 150422 is divided by 7.
6
What is the remainder when 44278 is divided by 372?
10
Calculate the remainder when 16739 is divided by 37.
15
What is the remainder when 18255 is divided by 376?
207
Calculate the remainder when 3288 is divided by 207.
183
What is the remainder when 3318 is divided by 10?
8
Calculate the remainder when 65994 is divided by 117.
6
Calculate the remainder when 492 is divided by 83.
77
What is the remainder when 18376 is divided by 5?
1
What is the remainder when 57532 is divided by 2130?
22
What is the remainder when 7031 is divided by 252?
227
What is the remainder when 46172 is divided by 15322?
206
Calculate the remainder when 3517 is divided by 273.
241
Calculate the remainder when 8707 is divided by 138.
13
Calculate the remainder when 9653 is divided by 9188.
465
What is the remainder when 9733 is divided by 55?
53
What is the remainder when 4939 is divided by 68?
43
What is the remainder when 291 is divided by 80?
51
Calculate the remainder when 169641 is divided by 84819.
3
Calculate the remainder when 24000 is divided by 11996.
8
Calculate the remainder when 64133 is divided by 1225.
433
Calculate the remainder when 6027 is divided by 2000.
27
What is the remainder when 6205 is divided by 190?
125
What is the remainder when 491 is divided by 414?
77
What is the remainder when 3068453 is divided by 109?
103
What is the remainder when 6825 is divided by 2584?
1657
What is the remainder when 155944 is divided by 1026?
1018
What is the remainder when 475923 is divided by 193?
178
What is the remainder when 22610 is divided by 187?
170
Calculate the remainder when 17797 is divided by 371.
360
Calculate the remainder when 4223 is divided by 299.
37
Calculate the remainder when 15518 is divided by 23.
16
Calculate the remainder when 32088 is divided by 2139.
3
What is the remainder when 15666 is divided by 105?
21
What is the remainder when 35253 is divided by 236?
89
What is the remainder when 65720 is divided by 19?
18
Calculate the remainder when 197455 is divided by 84.
55
Calculate the remainder when 732321 is divided by 25.
21
Calculate the remainder when 10777 is divided by 1535.
32
Calculate the remainder when 9925 is divided by 82.
3
Calculate the remainder when 13500 is divided by 1124.
12
Calculate the remainder when 111854 is divided by 77.
50
Calculate the remainder when 28283 is divided by 6.
5
Calculate the remainder when 21783 is divided by 4159.
988
What is the remainder when 52241 is divided by 6530?
1
What is the remainder when 26601 is divided by 409?
16
Calculate the remainder when 8525 is divided by 2832.
29
Calculate the remainder when 2423 is divided by 271.
255
What is the remainder when 113171 is divided by 45?
41
Calculate the remainder when 12432 is divided by 1243.
2
Calculate the remainder when 4941 is divided by 259.
20
What is the remainder when 1365 is divided by 819?
546
Calculate the remainder when 12899 is divided by 41.
25
Calculate the remainder when 11586 is divided by 1052.
14
What is the remainder when 8118 is divided by 494?
214
Calculate the remainder when 25831 is divided by 304.
295
What is the remainder when 9072 is divided by 25?
22
What is the remainder when 96838 is divided by 566?
52
What is the remainder when 4449 is divided by 1448?
105
What is the remainder when 17577 is divided by 2928?
9
What is the remainder when 3315815 is divided by 1462?
1461
What is the remainder when 27018 is divided by 41?
40
What is the remainder when 12159 is divided by 74?
23
Calculate the remainder when 55544 is divided by 9235.
134
What is the remainder when 1932 is divided by 599?
135
What is the remainder when 132469 is divided by 33074?
173
Calculate the remainder when 12846 is divided by 3015.
786
What is the remainder when 85313 is divided by 344?
1
What is the remainder when 13131 is divided by 140?
111
Calculate the remainder when 21327 is divided by 1519.
61
What is the remainder when 8782 is divided by 2916?
34
What is the remainder when 18918 is divided by 488?
374
What is the remainder when 29923 is divided by 25?
23
What is the remainder when 48664 is divided by 605?
264
What is the remainder when 38398 is divided by 278?
34
What is the remainder when 11220 is divided by 5600?
20
What is the remainder when 2926 is divided by 1402?
122
Calculate the remainder when 1781548 is divided by 18.
16
What is the remainder when 1609 is divided by 19?
13
What is the remainder when 5344 is divided by 133?
24
What is the remainder when 1738110 is divided by 64?
62
Calculate the remainder when 24499 is divided by 16.
3
What is the remainder when 227721 is divided by 113853?
15
Calculate the remainder when 445272 is divided by 9.
6
What is the remainder when 945332 is divided by 24239?
11
Calculate the remainder when 11137 is divided by 106.
7
Calculate the remainder when 54891 is divided by 945.
81
Calculate the remainder when 17816 is divided by 363.
29
Calculate the remainder when 44327 is divided by 4924.
11
Calculate the remainder when 915275 is divided by 47.
44
Calculate the remainder when 31251 is divide